{"id":80,"date":"2021-08-08T20:55:49","date_gmt":"2021-08-08T18:55:49","guid":{"rendered":"http:\/\/yogaester.com\/?page_id=80"},"modified":"2026-02-23T16:33:00","modified_gmt":"2026-02-23T15:33:00","slug":"le-hatha-vinyasa-dynamique","status":"publish","type":"page","link":"https:\/\/yogaester.com\/index.php\/le-hatha-vinyasa-dynamique\/","title":{"rendered":"Le Hatha Vinyasa Dynamique"},"content":{"rendered":"\n<figure class=\"wp-block-image size-full\"><img loading=\"lazy\" width=\"916\" height=\"611\" src=\"http:\/\/yogaester.com\/wp-content\/uploads\/2021\/08\/Run-1-1.jpg\" alt=\"\" class=\"wp-image-51\" srcset=\"https:\/\/yogaester.com\/wp-content\/uploads\/2021\/08\/Run-1-1.jpg 916w, https:\/\/yogaester.com\/wp-content\/uploads\/2021\/08\/Run-1-1-300x200.jpg 300w, https:\/\/yogaester.com\/wp-content\/uploads\/2021\/08\/Run-1-1-768x512.jpg 768w\" sizes=\"(max-width: 767px) 89vw, (max-width: 1000px) 54vw, (max-width: 1071px) 543px, 580px\" \/><\/figure>\n\n\n\n<p>Le Vinyasa est un terme Sanskrit qui signifie synchronisation du mouvement sur la respiration. Il est compos\u00e9 de deux racines : \u00ab nyasa \u00bb qui signifie \u00ab placer \u00bb et \u00ab vi \u00bb qui signifie \u00ab d\u2019une mani\u00e8re sp\u00e9cifique \u00bb. On d\u00e9finit donc le yoga Vinyasa comme un encha\u00eenement de mouvements dynamiques, initi\u00e9 et harmonis\u00e9 par la respiration. Hatha parce que Hatha est la racine, la premi\u00e8re pierre, la r\u00e9f\u00e9rence. Tout vient du Hatha Yoga. Les asanas que nous pratiquons sont les Asanas de Hatha Yoga. Les techniques sont d\u00e9crites dans les livres d\u00e8s le 3eme sicele ap JC (Hatha Yoga Pradipika , Yoga Sutras, Upanishads, etc)<\/p>\n\n\n\n<p>Dynamique parce que les cours sont dynamiques, on renforce le corps physique ainsi que le mental, on maintient les asanas de 3 \u00e0 5 respirations, ce qui permet d&#8217;apprendre \u00e0 g\u00e9rer autant l\u2019\u00e9quilibre physique que mental.<\/p>\n\n\n\n<p>La respiration, c\u2019est l\u2019\u00e9l\u00e9ment fondamental de concentration. Elle nous ancre au moment pr\u00e9sent, nous calme le stress dans quelques asanas.<\/p>\n\n\n\n<p>Le mouvement commence \u00e0 r\u00e9veiller la musculature, les tissus, envoi l\u2019oxyg\u00e8ne aux organes pour culminer avec une asana statique et consciente.<\/p>\n\n\n\n<p>Mes cours sont un m\u00e9lange de mes formations comme la m\u00e9decine\u00a0chinoise appliqu\u00e9 au yoga, la th\u00e9orie de fascia, l&#8217;ayurveda, etc. J&#8217;aime consid\u00e9rer la pratique de yoga comme un tout, on l&#8217;adapte selon les saisons, selon les \u00e9v\u00e8nements, selon l&#8217;\u00e9nergie du groupe.\u00a0<\/p>\n\n\n\n<p>J\u2019aime guider vers une pratique puissante mais douce, o\u00f9 l\u2019\u00e9coute et le respect du corps sont essentiels. Merci de me faire confiance pour vous accompagner sur ce chemin de d\u00e9couverte de soi. Namast\u00e9.<\/p>\n","protected":false},"excerpt":{"rendered":"<p>Le Vinyasa est un terme Sanskrit qui signifie synchronisation du mouvement sur la respiration. Il est compos\u00e9 de deux racines : \u00ab nyasa \u00bb qui signifie \u00ab placer \u00bb et \u00ab vi \u00bb qui signifie \u00ab d\u2019une mani\u00e8re sp\u00e9cifique \u00bb. On d\u00e9finit donc le yoga Vinyasa comme un encha\u00eenement de mouvements dynamiques, initi\u00e9 et harmonis\u00e9 &hellip; <\/p>\n<p class=\"link-more\"><a href=\"https:\/\/yogaester.com\/index.php\/le-hatha-vinyasa-dynamique\/\" class=\"more-link\">Continue reading<span class=\"screen-reader-text\"> &#8220;Le Hatha Vinyasa Dynamique&#8221;<\/span><\/a><\/p>\n","protected":false},"author":1,"featured_media":0,"parent":0,"menu_order":0,"comment_status":"closed","ping_status":"closed","template":"","meta":[],"_links":{"self":[{"href":"https:\/\/yogaester.com\/index.php\/wp-json\/wp\/v2\/pages\/80"}],"collection":[{"href":"https:\/\/yogaester.com\/index.php\/wp-json\/wp\/v2\/pages"}],"about":[{"href":"https:\/\/yogaester.com\/index.php\/wp-json\/wp\/v2\/types\/page"}],"author":[{"embeddable":true,"href":"https:\/\/yogaester.com\/index.php\/wp-json\/wp\/v2\/users\/1"}],"replies":[{"embeddable":true,"href":"https:\/\/yogaester.com\/index.php\/wp-json\/wp\/v2\/comments?post=80"}],"version-history":[{"count":4,"href":"https:\/\/yogaester.com\/index.php\/wp-json\/wp\/v2\/pages\/80\/revisions"}],"predecessor-version":[{"id":746,"href":"https:\/\/yogaester.com\/index.php\/wp-json\/wp\/v2\/pages\/80\/revisions\/746"}],"wp:attachment":[{"href":"https:\/\/yogaester.com\/index.php\/wp-json\/wp\/v2\/media?parent=80"}],"curies":[{"name":"wp","href":"https:\/\/api.w.org\/{rel}","templated":true}]}}