{"id":218,"date":"2021-08-16T12:41:27","date_gmt":"2021-08-16T10:41:27","guid":{"rendered":"http:\/\/yogaester.com\/?page_id=218"},"modified":"2026-03-16T11:30:28","modified_gmt":"2026-03-16T10:30:28","slug":"ateliers-et-stages","status":"publish","type":"page","link":"https:\/\/yogaester.com\/index.php\/ateliers-et-stages\/","title":{"rendered":"Ateliers et Stages"},"content":{"rendered":"\n<figure class=\"wp-block-image size-large\"><img loading=\"lazy\" width=\"819\" height=\"1024\" src=\"https:\/\/yogaester.com\/wp-content\/uploads\/2026\/01\/1-1-819x1024.png\" alt=\"\" class=\"wp-image-715\" srcset=\"https:\/\/yogaester.com\/wp-content\/uploads\/2026\/01\/1-1-819x1024.png 819w, https:\/\/yogaester.com\/wp-content\/uploads\/2026\/01\/1-1-240x300.png 240w, https:\/\/yogaester.com\/wp-content\/uploads\/2026\/01\/1-1-768x960.png 768w, https:\/\/yogaester.com\/wp-content\/uploads\/2026\/01\/1-1.png 1080w\" sizes=\"(max-width: 767px) 89vw, (max-width: 1000px) 54vw, (max-width: 1071px) 543px, 580px\" \/><\/figure>\n\n\n\n<figure class=\"wp-block-image size-large\"><img loading=\"lazy\" width=\"819\" height=\"1024\" src=\"https:\/\/yogaester.com\/wp-content\/uploads\/2026\/01\/2-1-819x1024.png\" alt=\"\" class=\"wp-image-716\" srcset=\"https:\/\/yogaester.com\/wp-content\/uploads\/2026\/01\/2-1-819x1024.png 819w, https:\/\/yogaester.com\/wp-content\/uploads\/2026\/01\/2-1-240x300.png 240w, https:\/\/yogaester.com\/wp-content\/uploads\/2026\/01\/2-1-768x960.png 768w, https:\/\/yogaester.com\/wp-content\/uploads\/2026\/01\/2-1.png 1080w\" sizes=\"(max-width: 767px) 89vw, (max-width: 1000px) 54vw, (max-width: 1071px) 543px, 580px\" \/><\/figure>\n\n\n\n<figure class=\"wp-block-image size-large\"><img loading=\"lazy\" width=\"819\" height=\"1024\" src=\"https:\/\/yogaester.com\/wp-content\/uploads\/2026\/01\/3-1-819x1024.png\" alt=\"\" class=\"wp-image-717\" srcset=\"https:\/\/yogaester.com\/wp-content\/uploads\/2026\/01\/3-1-819x1024.png 819w, https:\/\/yogaester.com\/wp-content\/uploads\/2026\/01\/3-1-240x300.png 240w, https:\/\/yogaester.com\/wp-content\/uploads\/2026\/01\/3-1-768x960.png 768w, https:\/\/yogaester.com\/wp-content\/uploads\/2026\/01\/3-1.png 1080w\" sizes=\"(max-width: 767px) 89vw, (max-width: 1000px) 54vw, (max-width: 1071px) 543px, 580px\" \/><\/figure>\n\n\n\n<figure class=\"wp-block-image size-large\"><img loading=\"lazy\" width=\"819\" height=\"1024\" src=\"https:\/\/yogaester.com\/wp-content\/uploads\/2026\/01\/4-1-819x1024.png\" alt=\"\" class=\"wp-image-719\" srcset=\"https:\/\/yogaester.com\/wp-content\/uploads\/2026\/01\/4-1-819x1024.png 819w, https:\/\/yogaester.com\/wp-content\/uploads\/2026\/01\/4-1-240x300.png 240w, https:\/\/yogaester.com\/wp-content\/uploads\/2026\/01\/4-1-768x960.png 768w, https:\/\/yogaester.com\/wp-content\/uploads\/2026\/01\/4-1.png 1080w\" sizes=\"(max-width: 767px) 89vw, (max-width: 1000px) 54vw, (max-width: 1071px) 543px, 580px\" \/><\/figure>\n\n\n\n<figure class=\"wp-block-image size-large\"><img loading=\"lazy\" width=\"819\" height=\"1024\" src=\"https:\/\/yogaester.com\/wp-content\/uploads\/2026\/01\/5-1-819x1024.png\" alt=\"\" class=\"wp-image-720\" srcset=\"https:\/\/yogaester.com\/wp-content\/uploads\/2026\/01\/5-1-819x1024.png 819w, https:\/\/yogaester.com\/wp-content\/uploads\/2026\/01\/5-1-240x300.png 240w, https:\/\/yogaester.com\/wp-content\/uploads\/2026\/01\/5-1-768x960.png 768w, https:\/\/yogaester.com\/wp-content\/uploads\/2026\/01\/5-1.png 1080w\" sizes=\"(max-width: 767px) 89vw, (max-width: 1000px) 54vw, (max-width: 1071px) 543px, 580px\" \/><\/figure>\n\n\n\n<figure class=\"wp-block-image size-large\"><img loading=\"lazy\" width=\"819\" height=\"1024\" src=\"https:\/\/yogaester.com\/wp-content\/uploads\/2026\/01\/6-1-819x1024.png\" alt=\"\" class=\"wp-image-721\" srcset=\"https:\/\/yogaester.com\/wp-content\/uploads\/2026\/01\/6-1-819x1024.png 819w, https:\/\/yogaester.com\/wp-content\/uploads\/2026\/01\/6-1-240x300.png 240w, https:\/\/yogaester.com\/wp-content\/uploads\/2026\/01\/6-1-768x960.png 768w, https:\/\/yogaester.com\/wp-content\/uploads\/2026\/01\/6-1.png 1080w\" sizes=\"(max-width: 767px) 89vw, (max-width: 1000px) 54vw, (max-width: 1071px) 543px, 580px\" \/><\/figure>\n\n\n\n<figure class=\"wp-block-image size-large\"><img loading=\"lazy\" width=\"819\" height=\"1024\" src=\"https:\/\/yogaester.com\/wp-content\/uploads\/2026\/01\/7-1-819x1024.png\" alt=\"\" class=\"wp-image-722\" srcset=\"https:\/\/yogaester.com\/wp-content\/uploads\/2026\/01\/7-1-819x1024.png 819w, https:\/\/yogaester.com\/wp-content\/uploads\/2026\/01\/7-1-240x300.png 240w, https:\/\/yogaester.com\/wp-content\/uploads\/2026\/01\/7-1-768x960.png 768w, https:\/\/yogaester.com\/wp-content\/uploads\/2026\/01\/7-1.png 1080w\" sizes=\"(max-width: 767px) 89vw, (max-width: 1000px) 54vw, (max-width: 1071px) 543px, 580px\" \/><\/figure>\n\n\n\n<figure class=\"wp-block-image size-large\"><img loading=\"lazy\" width=\"819\" height=\"1024\" src=\"https:\/\/yogaester.com\/wp-content\/uploads\/2026\/01\/8-1-819x1024.png\" alt=\"\" class=\"wp-image-723\" srcset=\"https:\/\/yogaester.com\/wp-content\/uploads\/2026\/01\/8-1-819x1024.png 819w, https:\/\/yogaester.com\/wp-content\/uploads\/2026\/01\/8-1-240x300.png 240w, https:\/\/yogaester.com\/wp-content\/uploads\/2026\/01\/8-1-768x960.png 768w, https:\/\/yogaester.com\/wp-content\/uploads\/2026\/01\/8-1.png 1080w\" sizes=\"(max-width: 767px) 89vw, (max-width: 1000px) 54vw, (max-width: 1071px) 543px, 580px\" \/><\/figure>\n\n\n\n<figure class=\"wp-block-image size-large\"><img loading=\"lazy\" width=\"819\" height=\"1024\" src=\"https:\/\/yogaester.com\/wp-content\/uploads\/2026\/01\/9-1-819x1024.png\" alt=\"\" class=\"wp-image-724\" srcset=\"https:\/\/yogaester.com\/wp-content\/uploads\/2026\/01\/9-1-819x1024.png 819w, https:\/\/yogaester.com\/wp-content\/uploads\/2026\/01\/9-1-240x300.png 240w, https:\/\/yogaester.com\/wp-content\/uploads\/2026\/01\/9-1-768x960.png 768w, https:\/\/yogaester.com\/wp-content\/uploads\/2026\/01\/9-1.png 1080w\" sizes=\"(max-width: 767px) 89vw, (max-width: 1000px) 54vw, (max-width: 1071px) 543px, 580px\" \/><\/figure>\n\n\n\n<figure class=\"wp-block-gallery columns-0 is-cropped\"><ul class=\"blocks-gallery-grid\"><\/ul><\/figure>\n\n\n\n<p>Pour voir la description des ateliers vous pouvez aller directement dans l&#8217;onglet de Ateliers et le m\u00eame pour les Stages.<\/p>\n\n\n\n<figure class=\"wp-block-image size-large\"><img loading=\"lazy\" width=\"819\" height=\"1024\" src=\"https:\/\/yogaester.com\/wp-content\/uploads\/2026\/03\/ateliers-2026-1-819x1024.png\" alt=\"\" class=\"wp-image-771\" srcset=\"https:\/\/yogaester.com\/wp-content\/uploads\/2026\/03\/ateliers-2026-1-819x1024.png 819w, https:\/\/yogaester.com\/wp-content\/uploads\/2026\/03\/ateliers-2026-1-240x300.png 240w, https:\/\/yogaester.com\/wp-content\/uploads\/2026\/03\/ateliers-2026-1-768x960.png 768w, https:\/\/yogaester.com\/wp-content\/uploads\/2026\/03\/ateliers-2026-1.png 1080w\" sizes=\"(max-width: 767px) 89vw, (max-width: 1000px) 54vw, (max-width: 1071px) 543px, 580px\" \/><\/figure>\n\n\n\n<div class=\"wp-block-image\"><figure class=\"aligncenter size-large\"><img loading=\"lazy\" width=\"576\" height=\"1024\" src=\"https:\/\/yogaester.com\/wp-content\/uploads\/2026\/02\/yoga-enfants-2-576x1024.jpg\" alt=\"\" class=\"wp-image-734\" srcset=\"https:\/\/yogaester.com\/wp-content\/uploads\/2026\/02\/yoga-enfants-2-576x1024.jpg 576w, https:\/\/yogaester.com\/wp-content\/uploads\/2026\/02\/yoga-enfants-2-169x300.jpg 169w, https:\/\/yogaester.com\/wp-content\/uploads\/2026\/02\/yoga-enfants-2-768x1365.jpg 768w, https:\/\/yogaester.com\/wp-content\/uploads\/2026\/02\/yoga-enfants-2-864x1536.jpg 864w, https:\/\/yogaester.com\/wp-content\/uploads\/2026\/02\/yoga-enfants-2.jpg 1080w\" sizes=\"(max-width: 576px) 100vw, 576px\" \/><\/figure><\/div>\n\n\n\n<figure class=\"wp-block-image size-large\"><img loading=\"lazy\" width=\"819\" height=\"1024\" src=\"https:\/\/yogaester.com\/wp-content\/uploads\/2025\/09\/Ateliers-2025-1-819x1024.png\" alt=\"\" class=\"wp-image-651\" srcset=\"https:\/\/yogaester.com\/wp-content\/uploads\/2025\/09\/Ateliers-2025-1-819x1024.png 819w, https:\/\/yogaester.com\/wp-content\/uploads\/2025\/09\/Ateliers-2025-1-240x300.png 240w, https:\/\/yogaester.com\/wp-content\/uploads\/2025\/09\/Ateliers-2025-1-768x960.png 768w, https:\/\/yogaester.com\/wp-content\/uploads\/2025\/09\/Ateliers-2025-1.png 1080w\" sizes=\"(max-width: 767px) 89vw, (max-width: 1000px) 54vw, (max-width: 1071px) 543px, 580px\" \/><\/figure>\n\n\n\n<p>Un r\u00e9sum\u00e9:<\/p>\n\n\n\n<figure class=\"wp-block-image size-large\"><img loading=\"lazy\" width=\"724\" height=\"1024\" src=\"https:\/\/yogaester.com\/wp-content\/uploads\/2024\/12\/1-724x1024.png\" alt=\"\" class=\"wp-image-569\" srcset=\"https:\/\/yogaester.com\/wp-content\/uploads\/2024\/12\/1-724x1024.png 724w, https:\/\/yogaester.com\/wp-content\/uploads\/2024\/12\/1-212x300.png 212w, https:\/\/yogaester.com\/wp-content\/uploads\/2024\/12\/1-768x1086.png 768w, https:\/\/yogaester.com\/wp-content\/uploads\/2024\/12\/1-1086x1536.png 1086w, https:\/\/yogaester.com\/wp-content\/uploads\/2024\/12\/1.png 1414w\" sizes=\"(max-width: 724px) 100vw, 724px\" \/><\/figure>\n\n\n\n<figure class=\"wp-block-image size-large\"><img loading=\"lazy\" width=\"724\" height=\"1024\" src=\"https:\/\/yogaester.com\/wp-content\/uploads\/2024\/12\/2-724x1024.png\" alt=\"\" class=\"wp-image-571\" srcset=\"https:\/\/yogaester.com\/wp-content\/uploads\/2024\/12\/2-724x1024.png 724w, https:\/\/yogaester.com\/wp-content\/uploads\/2024\/12\/2-212x300.png 212w, https:\/\/yogaester.com\/wp-content\/uploads\/2024\/12\/2-768x1086.png 768w, https:\/\/yogaester.com\/wp-content\/uploads\/2024\/12\/2-1086x1536.png 1086w, https:\/\/yogaester.com\/wp-content\/uploads\/2024\/12\/2.png 1414w\" sizes=\"(max-width: 724px) 100vw, 724px\" \/><\/figure>\n\n\n\n<figure class=\"wp-block-image size-large\"><img loading=\"lazy\" width=\"724\" height=\"1024\" src=\"https:\/\/yogaester.com\/wp-content\/uploads\/2024\/12\/3-724x1024.png\" alt=\"\" class=\"wp-image-572\" srcset=\"https:\/\/yogaester.com\/wp-content\/uploads\/2024\/12\/3-724x1024.png 724w, https:\/\/yogaester.com\/wp-content\/uploads\/2024\/12\/3-212x300.png 212w, https:\/\/yogaester.com\/wp-content\/uploads\/2024\/12\/3-768x1086.png 768w, https:\/\/yogaester.com\/wp-content\/uploads\/2024\/12\/3-1086x1536.png 1086w, https:\/\/yogaester.com\/wp-content\/uploads\/2024\/12\/3.png 1414w\" sizes=\"(max-width: 724px) 100vw, 724px\" \/><\/figure>\n\n\n\n<figure class=\"wp-block-image size-large\"><img loading=\"lazy\" width=\"1414\" height=\"2000\" src=\"https:\/\/yogaester.com\/wp-content\/uploads\/2024\/12\/4-724x1024.png\" alt=\"\" class=\"wp-image-573\" srcset=\"https:\/\/yogaester.com\/wp-content\/uploads\/2024\/12\/4-724x1024.png 724w, https:\/\/yogaester.com\/wp-content\/uploads\/2024\/12\/4-212x300.png 212w, https:\/\/yogaester.com\/wp-content\/uploads\/2024\/12\/4-768x1086.png 768w, https:\/\/yogaester.com\/wp-content\/uploads\/2024\/12\/4-1086x1536.png 1086w, https:\/\/yogaester.com\/wp-content\/uploads\/2024\/12\/4.png 1414w\" sizes=\"(max-width: 767px) 89vw, (max-width: 1000px) 54vw, (max-width: 1071px) 543px, 580px\" \/><\/figure>\n\n\n\n<figure class=\"wp-block-image size-large\"><img loading=\"lazy\" width=\"724\" height=\"1024\" src=\"https:\/\/yogaester.com\/wp-content\/uploads\/2024\/12\/5-724x1024.png\" alt=\"\" class=\"wp-image-574\" srcset=\"https:\/\/yogaester.com\/wp-content\/uploads\/2024\/12\/5-724x1024.png 724w, https:\/\/yogaester.com\/wp-content\/uploads\/2024\/12\/5-212x300.png 212w, https:\/\/yogaester.com\/wp-content\/uploads\/2024\/12\/5-768x1086.png 768w, https:\/\/yogaester.com\/wp-content\/uploads\/2024\/12\/5-1086x1536.png 1086w, https:\/\/yogaester.com\/wp-content\/uploads\/2024\/12\/5.png 1414w\" sizes=\"(max-width: 724px) 100vw, 724px\" \/><\/figure>\n\n\n\n<figure class=\"wp-block-image size-large\"><img loading=\"lazy\" width=\"724\" height=\"1024\" src=\"https:\/\/yogaester.com\/wp-content\/uploads\/2024\/12\/6-724x1024.png\" alt=\"\" class=\"wp-image-575\" srcset=\"https:\/\/yogaester.com\/wp-content\/uploads\/2024\/12\/6-724x1024.png 724w, https:\/\/yogaester.com\/wp-content\/uploads\/2024\/12\/6-212x300.png 212w, https:\/\/yogaester.com\/wp-content\/uploads\/2024\/12\/6-768x1086.png 768w, https:\/\/yogaester.com\/wp-content\/uploads\/2024\/12\/6-1086x1536.png 1086w, https:\/\/yogaester.com\/wp-content\/uploads\/2024\/12\/6.png 1414w\" sizes=\"(max-width: 724px) 100vw, 724px\" \/><\/figure>\n\n\n\n<figure class=\"wp-block-image size-large\"><img loading=\"lazy\" width=\"724\" height=\"1024\" src=\"https:\/\/yogaester.com\/wp-content\/uploads\/2024\/12\/7-724x1024.png\" alt=\"\" class=\"wp-image-576\" srcset=\"https:\/\/yogaester.com\/wp-content\/uploads\/2024\/12\/7-724x1024.png 724w, https:\/\/yogaester.com\/wp-content\/uploads\/2024\/12\/7-212x300.png 212w, https:\/\/yogaester.com\/wp-content\/uploads\/2024\/12\/7-768x1086.png 768w, https:\/\/yogaester.com\/wp-content\/uploads\/2024\/12\/7-1086x1536.png 1086w, https:\/\/yogaester.com\/wp-content\/uploads\/2024\/12\/7.png 1414w\" sizes=\"(max-width: 724px) 100vw, 724px\" \/><\/figure>\n\n\n\n<figure class=\"wp-block-image size-large\"><img loading=\"lazy\" width=\"724\" height=\"1024\" src=\"https:\/\/yogaester.com\/wp-content\/uploads\/2024\/12\/8-724x1024.png\" alt=\"\" class=\"wp-image-577\" srcset=\"https:\/\/yogaester.com\/wp-content\/uploads\/2024\/12\/8-724x1024.png 724w, https:\/\/yogaester.com\/wp-content\/uploads\/2024\/12\/8-212x300.png 212w, https:\/\/yogaester.com\/wp-content\/uploads\/2024\/12\/8-768x1086.png 768w, https:\/\/yogaester.com\/wp-content\/uploads\/2024\/12\/8-1086x1536.png 1086w, https:\/\/yogaester.com\/wp-content\/uploads\/2024\/12\/8.png 1414w\" sizes=\"(max-width: 724px) 100vw, 724px\" \/><\/figure>\n\n\n\n<figure class=\"wp-block-image size-full\"><img loading=\"lazy\" width=\"940\" height=\"788\" src=\"https:\/\/yogaester.com\/wp-content\/uploads\/2024\/09\/Ateliers-2024.png\" alt=\"\" class=\"wp-image-548\" srcset=\"https:\/\/yogaester.com\/wp-content\/uploads\/2024\/09\/Ateliers-2024.png 940w, https:\/\/yogaester.com\/wp-content\/uploads\/2024\/09\/Ateliers-2024-300x251.png 300w, https:\/\/yogaester.com\/wp-content\/uploads\/2024\/09\/Ateliers-2024-768x644.png 768w\" sizes=\"(max-width: 767px) 89vw, (max-width: 1000px) 54vw, (max-width: 1071px) 543px, 580px\" \/><\/figure>\n\n\n\n<figure class=\"wp-block-image size-full\"><img loading=\"lazy\" width=\"940\" height=\"788\" src=\"https:\/\/yogaester.com\/wp-content\/uploads\/2025\/01\/Ateliers-2025-1.png\" alt=\"\" class=\"wp-image-599\" srcset=\"https:\/\/yogaester.com\/wp-content\/uploads\/2025\/01\/Ateliers-2025-1.png 940w, https:\/\/yogaester.com\/wp-content\/uploads\/2025\/01\/Ateliers-2025-1-300x251.png 300w, https:\/\/yogaester.com\/wp-content\/uploads\/2025\/01\/Ateliers-2025-1-768x644.png 768w\" sizes=\"(max-width: 767px) 89vw, (max-width: 1000px) 54vw, (max-width: 1071px) 543px, 580px\" \/><\/figure>\n\n\n\n<figure class=\"wp-block-image size-full\"><img loading=\"lazy\" width=\"940\" height=\"788\" src=\"http:\/\/yogaester.com\/wp-content\/uploads\/2021\/08\/Ateliers-2021.png\" alt=\"\" class=\"wp-image-244\" srcset=\"https:\/\/yogaester.com\/wp-content\/uploads\/2021\/08\/Ateliers-2021.png 940w, https:\/\/yogaester.com\/wp-content\/uploads\/2021\/08\/Ateliers-2021-300x251.png 300w, https:\/\/yogaester.com\/wp-content\/uploads\/2021\/08\/Ateliers-2021-768x644.png 768w\" sizes=\"(max-width: 767px) 89vw, (max-width: 1000px) 54vw, (max-width: 1071px) 543px, 580px\" \/><\/figure>\n\n\n\n<figure class=\"wp-block-image size-full\"><img loading=\"lazy\" width=\"940\" height=\"788\" src=\"http:\/\/yogaester.com\/wp-content\/uploads\/2022\/02\/1-1.png\" alt=\"\" class=\"wp-image-364\" srcset=\"https:\/\/yogaester.com\/wp-content\/uploads\/2022\/02\/1-1.png 940w, https:\/\/yogaester.com\/wp-content\/uploads\/2022\/02\/1-1-300x251.png 300w, https:\/\/yogaester.com\/wp-content\/uploads\/2022\/02\/1-1-768x644.png 768w\" sizes=\"(max-width: 767px) 89vw, (max-width: 1000px) 54vw, (max-width: 1071px) 543px, 580px\" \/><\/figure>\n\n\n\n<figure class=\"wp-block-image size-full\"><img loading=\"lazy\" width=\"940\" height=\"788\" src=\"http:\/\/yogaester.com\/wp-content\/uploads\/2022\/02\/ATELIERS-2022-tercer-trimestre.png\" alt=\"\" class=\"wp-image-370\" srcset=\"https:\/\/yogaester.com\/wp-content\/uploads\/2022\/02\/ATELIERS-2022-tercer-trimestre.png 940w, https:\/\/yogaester.com\/wp-content\/uploads\/2022\/02\/ATELIERS-2022-tercer-trimestre-300x251.png 300w, https:\/\/yogaester.com\/wp-content\/uploads\/2022\/02\/ATELIERS-2022-tercer-trimestre-768x644.png 768w\" sizes=\"(max-width: 767px) 89vw, (max-width: 1000px) 54vw, (max-width: 1071px) 543px, 580px\" \/><\/figure>\n","protected":false},"excerpt":{"rendered":"<p>Pour voir la description des ateliers vous pouvez aller directement dans l&#8217;onglet de Ateliers et le m\u00eame pour les Stages. Un r\u00e9sum\u00e9:<\/p>\n","protected":false},"author":1,"featured_media":0,"parent":0,"menu_order":0,"comment_status":"closed","ping_status":"closed","template":"","meta":[],"_links":{"self":[{"href":"https:\/\/yogaester.com\/index.php\/wp-json\/wp\/v2\/pages\/218"}],"collection":[{"href":"https:\/\/yogaester.com\/index.php\/wp-json\/wp\/v2\/pages"}],"about":[{"href":"https:\/\/yogaester.com\/index.php\/wp-json\/wp\/v2\/types\/page"}],"author":[{"embeddable":true,"href":"https:\/\/yogaester.com\/index.php\/wp-json\/wp\/v2\/users\/1"}],"replies":[{"embeddable":true,"href":"https:\/\/yogaester.com\/index.php\/wp-json\/wp\/v2\/comments?post=218"}],"version-history":[{"count":14,"href":"https:\/\/yogaester.com\/index.php\/wp-json\/wp\/v2\/pages\/218\/revisions"}],"predecessor-version":[{"id":772,"href":"https:\/\/yogaester.com\/index.php\/wp-json\/wp\/v2\/pages\/218\/revisions\/772"}],"wp:attachment":[{"href":"https:\/\/yogaester.com\/index.php\/wp-json\/wp\/v2\/media?parent=218"}],"curies":[{"name":"wp","href":"https:\/\/api.w.org\/{rel}","templated":true}]}}