{"id":21,"date":"2021-08-08T19:48:00","date_gmt":"2021-08-08T17:48:00","guid":{"rendered":"http:\/\/yogaester.com\/?page_id=21"},"modified":"2026-02-23T16:28:45","modified_gmt":"2026-02-23T15:28:45","slug":"accueil","status":"publish","type":"page","link":"https:\/\/yogaester.com\/","title":{"rendered":"\u00c0 propos de moi"},"content":{"rendered":"\n<div class=\"wp-block-media-text alignwide is-stacked-on-mobile\"><figure class=\"wp-block-media-text__media\"><img loading=\"lazy\" width=\"350\" height=\"350\" src=\"http:\/\/yogaester.com\/wp-content\/uploads\/2021\/08\/about-me.jpg\" alt=\"\" class=\"wp-image-55 size-full\" srcset=\"https:\/\/yogaester.com\/wp-content\/uploads\/2021\/08\/about-me.jpg 350w, https:\/\/yogaester.com\/wp-content\/uploads\/2021\/08\/about-me-300x300.jpg 300w, https:\/\/yogaester.com\/wp-content\/uploads\/2021\/08\/about-me-150x150.jpg 150w, https:\/\/yogaester.com\/wp-content\/uploads\/2021\/08\/about-me-100x100.jpg 100w\" sizes=\"(max-width: 350px) 100vw, 350px\" \/><\/figure><div class=\"wp-block-media-text__content\">\n<p>Je m\u2019appelle Ester Bellod Cano et je suis professeur de yoga \u00e0 Tain l\u2019Hermitage et Tournon-sur-Rh\u00f4ne. Pour vous raconter un peu mon parcours, je vous invite \u00e0 lire la suite \ud83d\ude09<\/p>\n\n\n\n<p>&#8220;<em>Le yoga est ma passion, ma discipline et ma vocation. Partager avec vous ce qui m\u2019anime me comble de bonheur<\/em>&#8220;<\/p>\n<\/div><\/div>\n\n\n\n<p>Tout a commenc\u00e9 en 2015, la date exacte je pourrai la citer, j\u2019\u00e9tais \u00e0 Madrid, je me sentais un peu perdue, dans le travail, dans ma vie personnelle, etc&#8230; en r\u00e9sum\u00e9, je ne me sentais pas tr\u00e8s bien. J\u2019avais \u00e9t\u00e9 toute ma vie une \u00e9l\u00e8ve mod\u00e8le, de bonnes notes, toujours focaliser sur un \u00ab bon futur \u00bb, une bonne \u00e9cole, ing\u00e9nieure de ponts et chauss\u00e9s par la Polytechnique de Madrid (Escuela de Caminos Puertos y Canales de Madrid), apr\u00e8s avoir travaill\u00e9 deux ans dans un bureau d\u2019\u00e9tudes, un parcours typique pour une bonne carri\u00e8re professionnelle. N\u00e9anmoins, je me suis rendu compte que ce n\u2019\u00e9tait pas mon Dharma (le type de vie que je voulais vivre et pourquoi).<\/p>\n\n\n\n<p>J\u2019avais pratiqu\u00e9 yoga dans les gymnases, dans mes voyages par le monde (Australie, Londres, Colombie, etc), mais c\u2019est quand je me suis inscrite dans un studio de yoga et j\u2019ai commenc\u00e9 \u00e0 d\u00e9couvrir le yoga, j\u2019ai trouv\u00e9 la d\u00e9votion et la discipline dans cette pratique mill\u00e9naire. Je suis tr\u00e8s disciplinaire, tr\u00e8s responsable, tr\u00e8s id\u00e9aliste et r\u00eaveuse, et trouver le yoga a \u00e9t\u00e9 un ancrage \u00e0 la terre, au moment pr\u00e9sent, au bonheur mental.<\/p>\n\n\n\n<p>Du coup la seule chose \u00e0 faire \u00e9tait sortir de ma zone de confort ou les jours passaient avec une croix sur le calendrier et mille r\u00eaves \u00e0 accomplir. J\u2019ai eu peur, j\u2019ai peur encore des fois, je crois que c\u2019est normal d\u2019avoir des inqui\u00e9tudes quand il existe une incertitude, mais je ne regrette aucun pas que j\u2019ai accomplie dans cette trajectoire. Gr\u00e2ce \u00e0 ce chemin, j\u2019ai rencontr\u00e9 et je rencontre tous les jours des personnes vrais et passionn\u00e9es, tellement \u00e9nergisantes qui me donne la force et l\u2019envie \u00e0 suivre ce Dharma \u00e0 moi.<\/p>\n\n\n\n<p>C\u2019\u00e9tait en 2016, quand apr\u00e8s pratiquer quelques ans du yoga et avoir vu les bienfaits et le bonheur que \u00e7a me transmettait, j\u2019ai d\u00e9cid\u00e9 de faire une formation de yoga. Un YTT 200h \u00e0 Vikasa Yoga, my safe place. Cette exp\u00e9rience a chang\u00e9 ma vie, et c\u2019est vrai que je n\u2019ai pas pu exercer comme professeur toute suite. Cependant, l\u2019id\u00e9e de devenir professeur de yoga continuait dans ma t\u00eate. En 2018, gr\u00e2ce au nouveau travail que j\u2019avais, \u00e0 l\u2019aide inconditionnelle de mon copain et des amis, j\u2019ai pu r\u00e9aliser ce petit r\u00eave \u00e0 moi, et pouvoir transmettre le yoga que je connais. Je ne m\u2019arr\u00eate pas d\u2019apprendre, je suis une \u00e9l\u00e8ve de chaque personne qui vient \u00e0 mes cours, et chaque jour j\u2019essaie de faire mon maximum pour que les personnes puissent sentir le bonheur d\u2019amener le yoga dans leurs vies.<\/p>\n\n\n\n<p>Au d\u00e9but, c\u2019\u00e9tait que des amis qui sont venus, et petit \u00e0 petit et de bouche-oreille, il y a eu plus des personnes qui apr\u00e8s aussi deviennent mes amis. Le r\u00e9sultat ? Je me retrouve derri\u00e8re un ordinateur pour cr\u00e9er description de moi et vous donner l\u2019envie de pratiquer yoga, soit avec moi, soit avec des autres professeures, soit chez vous ou soit avec qui \u00e7a soit, mais pratiquez, pratiquez, avec la pratique tout arrivera. Je suis moi-m\u00eame dans ce chemin de d\u00e9couverte, apprentissage et grandir.<\/p>\n\n\n\n<p>Depuis l\u2019enfance, j\u2019ai \u00e9volu\u00e9 dans le monde de la danse et des activit\u00e9s physiques, toujours avide de d\u00e9couvrir de nouvelles techniques. Le mouvement a toujours \u00e9t\u00e9 mon ancrage : il me permet d\u2019exprimer et d\u2019apaiser mes \u00e9motions tout en nourrissant mon corps. C\u2019est pourtant le yoga, dans toute sa richesse et sa diversit\u00e9, qui a v\u00e9ritablement capt\u00e9 mon c\u0153ur. Bien plus qu\u2019une discipline, il est devenu mon art de vivre, un chemin d\u2019union entre le corps, l\u2019esprit et l\u2019\u00e2me. Ma pratique \u00e9volue avec le temps, et mes formations en Hatha Vinyasa, Yin Yoga, MTC appliqu\u00e9e au yoga, yoga myofascial, AyurYoga, yoga pr\u00e9natal, yoga pour enfants, m\u00e9ditation et pranayama m\u2019ont permis d\u2019adopter une approche holistique de l\u2019\u00eatre. <\/p>\n\n\n\n<p>J\u2019aime guider vers une pratique puissante mais douce, o\u00f9 l\u2019\u00e9coute et le respect du corps sont essentiels. Merci de me faire confiance pour vous accompagner sur ce chemin de d\u00e9couverte de soi. Namast\u00e9.<\/p>\n\n\n\n<p>Formations:<\/p>\n\n\n\n<p>Hatha Vinyasa 200hr Vikasa Yoga 2016<\/p>\n\n\n\n<p>Yin yoga 50hr Carolina Drake Zentro Urban Yoga de Madrid 2018<\/p>\n\n\n\n<p>Yang Flow\/M\u00e9dicine Chinoise et Massage Myofasciale (100hr) 2018  Helena Chac\u00f3n de Holistica Formaci\u00f3n <\/p>\n\n\n\n<p>Yoga et L\u00e9sions 30hr Julia Zatta<\/p>\n\n\n\n<p>Yoga Pranayam (10hr) 2019 con Javier Muriel  Holistica Formaci\u00f3n <\/p>\n\n\n\n<p>Yoga Pr\u00e9natal et Postnatal (100hr) 2020 F\u00e9d\u00e9ration Fran\u00e7aise de Green Yoga <\/p>\n\n\n\n<p>Yoga pour les Enfants (60hr) 2021 Yoga sin Fronteras Madrid<\/p>\n\n\n\n<p>Ayuryoga 100hr 2023 Helena Chac\u00f3n de Holistica Formaci\u00f3n<\/p>\n\n\n\n<p> Yoga Myofascial (100hr)  2024  Helena Chac\u00f3n de Holistica Formaci\u00f3n <\/p>\n\n\n\n<p>Neuroscience Yoga (30hr) 2025 con Alba Yoga Academy Celeste and Hannah Barrett<\/p>\n\n\n\n<p>Je suis professeur enregistr\u00e9e par la Yoga Alliance 500hr<\/p>\n\n\n\n<p>Praticienne d\u2019Aromath\u00e9rapie 20hr <\/p>\n\n\n\n<p><\/p>\n\n\n\n<p><\/p>\n\n\n\n<figure class=\"wp-block-gallery columns-0 is-cropped\"><ul class=\"blocks-gallery-grid\"><\/ul><\/figure>\n\n\n\n<figure class=\"wp-block-gallery aligncenter columns-3 is-cropped\"><ul class=\"blocks-gallery-grid\"><li class=\"blocks-gallery-item\"><figure><img loading=\"lazy\" width=\"200\" height=\"200\" src=\"http:\/\/yogaester.com\/wp-content\/uploads\/2021\/08\/RYT200.png\" alt=\"\" data-id=\"170\" data-full-url=\"http:\/\/yogaester.com\/wp-content\/uploads\/2021\/08\/RYT200.png\" data-link=\"http:\/\/yogaester.com\/index.php\/a-propos-de\/ryt200\/\" class=\"wp-image-170\" srcset=\"https:\/\/yogaester.com\/wp-content\/uploads\/2021\/08\/RYT200.png 200w, https:\/\/yogaester.com\/wp-content\/uploads\/2021\/08\/RYT200-150x150.png 150w, https:\/\/yogaester.com\/wp-content\/uploads\/2021\/08\/RYT200-100x100.png 100w\" sizes=\"(max-width: 200px) 100vw, 200px\" \/><\/figure><\/li><li class=\"blocks-gallery-item\"><figure><img loading=\"lazy\" width=\"200\" height=\"200\" src=\"http:\/\/yogaester.com\/wp-content\/uploads\/2021\/08\/TCMYOGA.png\" alt=\"\" data-id=\"172\" data-full-url=\"http:\/\/yogaester.com\/wp-content\/uploads\/2021\/08\/TCMYOGA.png\" data-link=\"http:\/\/yogaester.com\/index.php\/a-propos-de\/tcmyoga\/\" class=\"wp-image-172\" srcset=\"https:\/\/yogaester.com\/wp-content\/uploads\/2021\/08\/TCMYOGA.png 200w, https:\/\/yogaester.com\/wp-content\/uploads\/2021\/08\/TCMYOGA-150x150.png 150w, https:\/\/yogaester.com\/wp-content\/uploads\/2021\/08\/TCMYOGA-100x100.png 100w\" sizes=\"(max-width: 200px) 100vw, 200px\" \/><\/figure><\/li><li class=\"blocks-gallery-item\"><figure><img loading=\"lazy\" width=\"929\" height=\"1024\" src=\"http:\/\/yogaester.com\/wp-content\/uploads\/2021\/09\/logo-Green-Yogar-hd-929x1024.png\" alt=\"\" data-id=\"248\" data-full-url=\"http:\/\/yogaester.com\/wp-content\/uploads\/2021\/09\/logo-Green-Yogar-hd.png\" data-link=\"http:\/\/yogaester.com\/index.php\/a-propos-de\/logo-green-yogar-hd\/\" class=\"wp-image-248\" srcset=\"https:\/\/yogaester.com\/wp-content\/uploads\/2021\/09\/logo-Green-Yogar-hd-929x1024.png 929w, https:\/\/yogaester.com\/wp-content\/uploads\/2021\/09\/logo-Green-Yogar-hd-272x300.png 272w, https:\/\/yogaester.com\/wp-content\/uploads\/2021\/09\/logo-Green-Yogar-hd-768x847.png 768w, https:\/\/yogaester.com\/wp-content\/uploads\/2021\/09\/logo-Green-Yogar-hd-1393x1536.png 1393w, https:\/\/yogaester.com\/wp-content\/uploads\/2021\/09\/logo-Green-Yogar-hd-1857x2048.png 1857w\" sizes=\"(max-width: 767px) 89vw, (max-width: 1000px) 54vw, (max-width: 1071px) 543px, 580px\" \/><\/figure><\/li><\/ul><\/figure>\n\n\n\n<h2>Les STYLES de YOGA que j&#8217;enseigne<\/h2>\n\n\n\n<div class=\"wp-block-columns\">\n<div class=\"wp-block-column\">\n<div class=\"wp-block-group\"><div class=\"wp-block-group__inner-container\">\n<div class=\"wp-block-image is-style-default\"><figure class=\"aligncenter size-full\"><img loading=\"lazy\" width=\"916\" height=\"611\" src=\"http:\/\/yogaester.com\/wp-content\/uploads\/2021\/08\/Run-1-1.jpg\" alt=\"\" class=\"wp-image-51\" srcset=\"https:\/\/yogaester.com\/wp-content\/uploads\/2021\/08\/Run-1-1.jpg 916w, https:\/\/yogaester.com\/wp-content\/uploads\/2021\/08\/Run-1-1-300x200.jpg 300w, https:\/\/yogaester.com\/wp-content\/uploads\/2021\/08\/Run-1-1-768x512.jpg 768w\" sizes=\"(max-width: 767px) 89vw, (max-width: 1000px) 54vw, (max-width: 1071px) 543px, 580px\" \/><\/figure><\/div>\n\n\n\n<h2 class=\"has-text-align-left has-black-color has-text-color\" style=\"font-size:30px\"><a href=\"http:\/\/yogaester.com\/index.php\/le-hatha-vinyasa-dynamique\/\" data-type=\"page\" data-id=\"80\">Hatha Vinyasa Dynamique <\/a><\/h2>\n\n\n\n<p class=\"has-text-align-left\"> le Vinyasa est un terme Sanskrit qui signifie synchronisation du mouvement sur la respiration. Il est compos\u00e9 de deux racines : \u00ab nyasa \u00bb qui signifie \u00ab placer \u00bb et \u00ab vi \u00bb qui signifie \u00ab d\u2019une mani\u00e8re sp\u00e9cifique \u00bb. On d\u00e9finit donc le yoga Vinyasa comme un encha\u00eenement de mouvements dynamiques, initi\u00e9 et harmonis\u00e9 par la respiration. Hatha parce que Hatha est la racine, la premi\u00e8re pierre, la r\u00e9f\u00e9rence. Tout vient du Hatha Yoga. Les asanas que nous pratiquons sont Asanas de Hatha Yoga. Les techniques viennent d\u00e9crites dans les livres qui dataient d\u00e8s le si\u00e8cle III a.C jusqu\u2019\u00e0 le si\u00e8cle XV d.C. (Hatha Yoga Pradipika , Yoga Sutras, Upanishads, etc) Le Hatha Vinyasa Dynamique<\/p>\n<\/div><\/div>\n<\/div>\n\n\n\n<div class=\"wp-block-column is-vertically-aligned-center\">\n<div class=\"wp-block-group\"><div class=\"wp-block-group__inner-container\">\n<div class=\"wp-block-image is-style-default\"><figure class=\"aligncenter size-full\"><img loading=\"lazy\" width=\"916\" height=\"611\" src=\"http:\/\/yogaester.com\/wp-content\/uploads\/2021\/08\/Run-4.jpg\" alt=\"\" class=\"wp-image-107\" srcset=\"https:\/\/yogaester.com\/wp-content\/uploads\/2021\/08\/Run-4.jpg 916w, https:\/\/yogaester.com\/wp-content\/uploads\/2021\/08\/Run-4-300x200.jpg 300w, https:\/\/yogaester.com\/wp-content\/uploads\/2021\/08\/Run-4-768x512.jpg 768w\" sizes=\"(max-width: 767px) 89vw, (max-width: 1000px) 54vw, (max-width: 1071px) 543px, 580px\" \/><\/figure><\/div>\n\n\n\n<h2 class=\"has-text-align-left has-black-color has-text-color\" style=\"font-size:30px\"><a href=\"http:\/\/yogaester.com\/index.php\/le-yang-yin-flow\/\" data-type=\"page\" data-id=\"84\">Le Yang-Yin Flow<\/a><\/h2>\n\n\n\n<p> Il s\u2019agit d\u2019un type de Yoga doux qui mise sur des \u00e9tirements de longue dur\u00e9e avec une respiration lente et profonde. Contrairement \u00e0 un cours \u00ab traditionnel \u00bb de Yoga, l\u2019accent n\u2019est pas mis sur le renforcement des muscles mais sur les tissus conjonctifs, comme ligaments, les os, les articulations ou encore les cartilages. Pendant un cours de Yin Yoga, les poses sont paus\u00e9es et nous d\u00e9veloppons l\u2019attention pleine. <\/p>\n<\/div><\/div>\n<\/div>\n\n\n\n<div class=\"wp-block-column is-vertically-aligned-bottom\">\n<div class=\"wp-block-group\"><div class=\"wp-block-group__inner-container\">\n<div class=\"wp-block-image is-style-default\"><figure class=\"aligncenter size-full\"><img loading=\"lazy\" width=\"916\" height=\"611\" src=\"http:\/\/yogaester.com\/wp-content\/uploads\/2021\/08\/Run-2.jpg\" alt=\"\" class=\"wp-image-112\" srcset=\"https:\/\/yogaester.com\/wp-content\/uploads\/2021\/08\/Run-2.jpg 916w, https:\/\/yogaester.com\/wp-content\/uploads\/2021\/08\/Run-2-300x200.jpg 300w, https:\/\/yogaester.com\/wp-content\/uploads\/2021\/08\/Run-2-768x512.jpg 768w\" sizes=\"(max-width: 767px) 89vw, (max-width: 1000px) 54vw, (max-width: 1071px) 543px, 580px\" \/><\/figure><\/div>\n\n\n\n<h2 class=\"has-text-align-left has-black-color has-text-color\" style=\"font-size:30px\"><a href=\"http:\/\/yogaester.com\/index.php\/le-yang-yin-flow\/\" data-type=\"page\" data-id=\"84\">Le Yin Yoga<\/a><\/h2>\n\n\n\n<p>Il s\u2019agit d\u2019un type de Yoga doux qui mise sur des \u00e9tirements de longue dur\u00e9e avec une respiration lente et profonde. Contrairement \u00e0 un cours \u00ab traditionnel \u00bb de Yoga, l\u2019accent n\u2019est pas mis sur le renforcement des muscles mais sur les tissus conjonctifs, comme ligaments, les os, les articulations ou encore les cartilages. Pendant un cours de Yin Yoga, les poses sont paus\u00e9es et nous d\u00e9veloppons l\u2019attention pleine.<\/p>\n<\/div><\/div>\n<\/div>\n<\/div>\n\n\n\n<hr class=\"wp-block-separator is-style-wide\"\/>\n\n\n\n<div class=\"wp-block-columns are-vertically-aligned-center\">\n<div class=\"wp-block-column is-vertically-aligned-center\">\n<div class=\"wp-block-group\"><div class=\"wp-block-group__inner-container\">\n<figure class=\"wp-block-image size-large is-style-default\"><img loading=\"lazy\" width=\"1066\" height=\"666\" src=\"http:\/\/yogaester.com\/wp-content\/uploads\/2021\/08\/yoga-prenatal-edited.jpg\" alt=\"\" class=\"wp-image-158\" srcset=\"https:\/\/yogaester.com\/wp-content\/uploads\/2021\/08\/yoga-prenatal-edited.jpg 1066w, https:\/\/yogaester.com\/wp-content\/uploads\/2021\/08\/yoga-prenatal-edited-300x187.jpg 300w, https:\/\/yogaester.com\/wp-content\/uploads\/2021\/08\/yoga-prenatal-edited-1024x640.jpg 1024w, https:\/\/yogaester.com\/wp-content\/uploads\/2021\/08\/yoga-prenatal-edited-768x480.jpg 768w\" sizes=\"(max-width: 767px) 89vw, (max-width: 1000px) 54vw, (max-width: 1071px) 543px, 580px\" \/><\/figure>\n\n\n\n<h2 class=\"has-text-align-left has-black-color has-text-color\" style=\"font-size:30px\"><a href=\"http:\/\/yogaester.com\/index.php\/yoga-prenatal-et-postnatal\/\" data-type=\"page\" data-id=\"88\">Yoga Pr\u00e9natal et Postnatal<\/a><\/h2>\n\n\n\n<p class=\"has-text-align-left\">Le&nbsp;yoga pr\u00e9natal&nbsp;est un yoga adapt\u00e9 \u00e0 la magnifique \u00e9poque de la grossesse chez la femme, c\u2019est un style de yoga qui aide \u00e0 trouver son espace, \u00e0 d\u00e9couvrir et accepter son nouveau corps, \u00e0 se connecter \u00e0 son b\u00e9b\u00e9 et \u00e0 soi-m\u00eame, c\u2019est un refuge de silence, de connexion et d\u2019\u00caTRE, d\u2019\u00eatre dans le moment pr\u00e9sent, de laisser le quotidien de cot\u00e9 pour s\u2019offrir du temps de d\u00e9couvert, d\u2019amour et d\u2019acceptation, tellement important dans cette phase de nos vies.<\/p>\n<\/div><\/div>\n<\/div>\n\n\n\n<div class=\"wp-block-column\">\n<div class=\"wp-block-group\"><div class=\"wp-block-group__inner-container\">\n<figure class=\"wp-block-image size-full is-style-default\"><img loading=\"lazy\" width=\"916\" height=\"611\" src=\"http:\/\/yogaester.com\/wp-content\/uploads\/2021\/08\/Camper-1.jpg\" alt=\"\" class=\"wp-image-50\" srcset=\"https:\/\/yogaester.com\/wp-content\/uploads\/2021\/08\/Camper-1.jpg 916w, https:\/\/yogaester.com\/wp-content\/uploads\/2021\/08\/Camper-1-300x200.jpg 300w, https:\/\/yogaester.com\/wp-content\/uploads\/2021\/08\/Camper-1-768x512.jpg 768w\" sizes=\"(max-width: 767px) 89vw, (max-width: 1000px) 54vw, (max-width: 1071px) 543px, 580px\" \/><\/figure>\n\n\n\n<h2 class=\"has-text-align-left has-black-color has-text-color\" style=\"font-size:30px\"><a href=\"http:\/\/yogaester.com\/index.php\/le-yoga-re-eveil\/\" data-type=\"page\" data-id=\"86\">Yoga R\u00e9veil<\/a><\/h2>\n\n\n\n<p class=\"has-text-align-left\">Cours de yoga matinal, pour commencer en douceur la journ\u00e9e, mouvements lentes et contr\u00f4l\u00e9es. Avant la journ\u00e9e du travail, venez r\u00e9veiller le corps, les articulations, les muscles et l\u2019esprit avec une s\u00e9ance de yoga Re-Eveil qui vous donnera l\u2019\u00e9nergie et la calme d\u2019esprit n\u00e9cessaire pour affronter la journ\u00e9e avec une autre perspective.<\/p>\n<\/div><\/div>\n<\/div>\n<\/div>\n\n\n\n<hr class=\"wp-block-separator is-style-wide\"\/>\n\n\n\n<div class=\"wp-block-columns\">\n<div class=\"wp-block-column\">\n<figure class=\"wp-block-image size-full size-large\"><img loading=\"lazy\" width=\"916\" height=\"611\" src=\"http:\/\/yogaester.com\/wp-content\/uploads\/2021\/08\/yogaball.jpg\" alt=\"\" class=\"wp-image-146\" srcset=\"https:\/\/yogaester.com\/wp-content\/uploads\/2021\/08\/yogaball.jpg 916w, https:\/\/yogaester.com\/wp-content\/uploads\/2021\/08\/yogaball-300x200.jpg 300w, https:\/\/yogaester.com\/wp-content\/uploads\/2021\/08\/yogaball-768x512.jpg 768w\" sizes=\"(max-width: 767px) 89vw, (max-width: 1000px) 54vw, (max-width: 1071px) 543px, 580px\" \/><\/figure>\n\n\n\n<h2 class=\"has-black-color has-text-color\" style=\"font-size:45px\"><a href=\"http:\/\/yogaester.com\/index.php\/lacuyoga\/\" data-type=\"page\" data-id=\"178\">L&#8217; Acuyoga<\/a><\/h2>\n\n\n\n<p class=\"has-black-color has-text-color\" style=\"line-height:1.8\">Communiquez sur vIl y a beaucoup des personnes avec points sp\u00e9cifiques de douleur : les \u00ab trigger points \u00bb. Dans la M\u00e9dicine Chinoise, ces points sont appel\u00e9s \u00ab points acupunctures \u00bb et en Ayurveda \u00ab marmas \u00bb. Ce sont les zones qui se sont enflamm\u00e9es, cass\u00e9es, etc. La musculature autour perd la libert\u00e9 de mouvement provoquant changements de la posture pendant longtemps. Les trigger points trouvent leur origine dans traumatismes, mauvaises postures, mouvements r\u00e9p\u00e9titifs, manque d\u2019\u00e9tirement, mauvaise nutrition et manque d\u2019hydratation, ups and downs dans notre \u00e9tat \u00e9motionnel, etc. Quoique soit la technique utilis\u00e9e pour lib\u00e9rer les fascias aide \u00e0 notre bien-\u00eatre physique et mental.<\/p>\n<\/div>\n<\/div>\n\n\n\n<hr class=\"wp-block-separator is-style-wide\"\/>\n\n\n\n<h2 class=\"has-text-align-center\">Un petit aper\u00e7u des ateliers et stages de Yoga<\/h2>\n\n\n\n<figure class=\"wp-block-gallery columns-3 is-cropped\"><ul class=\"blocks-gallery-grid\"><li class=\"blocks-gallery-item\"><figure><img loading=\"lazy\" width=\"940\" height=\"788\" src=\"http:\/\/yogaester.com\/wp-content\/uploads\/2021\/08\/atelier-yoga-detox-automne.jpg\" alt=\"\" data-id=\"142\" data-full-url=\"http:\/\/yogaester.com\/wp-content\/uploads\/2021\/08\/atelier-yoga-detox-automne.jpg\" data-link=\"http:\/\/yogaester.com\/index.php\/les-ateliers-de-yoga\/atelier-yoga-detox-automne\/\" class=\"wp-image-142\" srcset=\"https:\/\/yogaester.com\/wp-content\/uploads\/2021\/08\/atelier-yoga-detox-automne.jpg 940w, https:\/\/yogaester.com\/wp-content\/uploads\/2021\/08\/atelier-yoga-detox-automne-300x251.jpg 300w, https:\/\/yogaester.com\/wp-content\/uploads\/2021\/08\/atelier-yoga-detox-automne-768x644.jpg 768w\" sizes=\"(max-width: 767px) 89vw, (max-width: 1000px) 54vw, (max-width: 1071px) 543px, 580px\" \/><\/figure><\/li><li class=\"blocks-gallery-item\"><figure><img loading=\"lazy\" width=\"916\" height=\"611\" src=\"http:\/\/yogaester.com\/wp-content\/uploads\/2021\/08\/stage-yoga-ester-cevennes2020.jpg\" alt=\"\" data-id=\"138\" data-full-url=\"http:\/\/yogaester.com\/wp-content\/uploads\/2021\/08\/stage-yoga-ester-cevennes2020.jpg\" data-link=\"http:\/\/yogaester.com\/index.php\/les-stages-de-yoga\/stage-yoga-ester-cevennes2020\/\" class=\"wp-image-138\" srcset=\"https:\/\/yogaester.com\/wp-content\/uploads\/2021\/08\/stage-yoga-ester-cevennes2020.jpg 916w, https:\/\/yogaester.com\/wp-content\/uploads\/2021\/08\/stage-yoga-ester-cevennes2020-300x200.jpg 300w, https:\/\/yogaester.com\/wp-content\/uploads\/2021\/08\/stage-yoga-ester-cevennes2020-768x512.jpg 768w\" sizes=\"(max-width: 767px) 89vw, (max-width: 1000px) 54vw, (max-width: 1071px) 543px, 580px\" \/><\/figure><\/li><li class=\"blocks-gallery-item\"><figure><img loading=\"lazy\" width=\"886\" height=\"886\" src=\"http:\/\/yogaester.com\/wp-content\/uploads\/2021\/08\/atelieryinete2020.png\" alt=\"\" data-id=\"63\" data-full-url=\"http:\/\/yogaester.com\/wp-content\/uploads\/2021\/08\/atelieryinete2020.png\" data-link=\"http:\/\/yogaester.com\/?attachment_id=63\" class=\"wp-image-63\" srcset=\"https:\/\/yogaester.com\/wp-content\/uploads\/2021\/08\/atelieryinete2020.png 886w, https:\/\/yogaester.com\/wp-content\/uploads\/2021\/08\/atelieryinete2020-300x300.png 300w, https:\/\/yogaester.com\/wp-content\/uploads\/2021\/08\/atelieryinete2020-150x150.png 150w, https:\/\/yogaester.com\/wp-content\/uploads\/2021\/08\/atelieryinete2020-768x768.png 768w, https:\/\/yogaester.com\/wp-content\/uploads\/2021\/08\/atelieryinete2020-100x100.png 100w\" sizes=\"(max-width: 767px) 89vw, (max-width: 1000px) 54vw, (max-width: 1071px) 543px, 580px\" \/><\/figure><\/li><li class=\"blocks-gallery-item\"><figure><img loading=\"lazy\" width=\"724\" height=\"1024\" src=\"http:\/\/yogaester.com\/wp-content\/uploads\/2021\/08\/stage_majorqueyoga_2021-724x1024.png\" alt=\"\" data-id=\"137\" data-full-url=\"http:\/\/yogaester.com\/wp-content\/uploads\/2021\/08\/stage_majorqueyoga_2021.png\" data-link=\"http:\/\/yogaester.com\/index.php\/les-stages-de-yoga\/stage_majorqueyoga_2021\/\" class=\"wp-image-137\" srcset=\"https:\/\/yogaester.com\/wp-content\/uploads\/2021\/08\/stage_majorqueyoga_2021-724x1024.png 724w, https:\/\/yogaester.com\/wp-content\/uploads\/2021\/08\/stage_majorqueyoga_2021-212x300.png 212w, https:\/\/yogaester.com\/wp-content\/uploads\/2021\/08\/stage_majorqueyoga_2021-768x1086.png 768w, https:\/\/yogaester.com\/wp-content\/uploads\/2021\/08\/stage_majorqueyoga_2021-1086x1536.png 1086w, https:\/\/yogaester.com\/wp-content\/uploads\/2021\/08\/stage_majorqueyoga_2021.png 1414w\" sizes=\"(max-width: 724px) 100vw, 724px\" \/><\/figure><\/li><li class=\"blocks-gallery-item\"><figure><img loading=\"lazy\" width=\"916\" height=\"611\" src=\"http:\/\/yogaester.com\/wp-content\/uploads\/2021\/08\/yogabrunchtain.jpg\" alt=\"\" data-id=\"143\" data-full-url=\"http:\/\/yogaester.com\/wp-content\/uploads\/2021\/08\/yogabrunchtain.jpg\" data-link=\"http:\/\/yogaester.com\/index.php\/les-ateliers-de-yoga\/yogabrunchtain\/\" class=\"wp-image-143\" srcset=\"https:\/\/yogaester.com\/wp-content\/uploads\/2021\/08\/yogabrunchtain.jpg 916w, https:\/\/yogaester.com\/wp-content\/uploads\/2021\/08\/yogabrunchtain-300x200.jpg 300w, https:\/\/yogaester.com\/wp-content\/uploads\/2021\/08\/yogabrunchtain-768x512.jpg 768w\" sizes=\"(max-width: 767px) 89vw, (max-width: 1000px) 54vw, (max-width: 1071px) 543px, 580px\" \/><\/figure><\/li><li class=\"blocks-gallery-item\"><figure><img loading=\"lazy\" width=\"916\" height=\"331\" src=\"http:\/\/yogaester.com\/wp-content\/uploads\/2021\/08\/108salutations-au-soleil-tain-yoga.jpg\" alt=\"\" data-id=\"145\" data-full-url=\"http:\/\/yogaester.com\/wp-content\/uploads\/2021\/08\/108salutations-au-soleil-tain-yoga.jpg\" data-link=\"http:\/\/yogaester.com\/index.php\/les-ateliers-de-yoga\/108salutations-au-soleil-tain-yoga\/\" class=\"wp-image-145\" srcset=\"https:\/\/yogaester.com\/wp-content\/uploads\/2021\/08\/108salutations-au-soleil-tain-yoga.jpg 916w, https:\/\/yogaester.com\/wp-content\/uploads\/2021\/08\/108salutations-au-soleil-tain-yoga-300x108.jpg 300w, https:\/\/yogaester.com\/wp-content\/uploads\/2021\/08\/108salutations-au-soleil-tain-yoga-768x278.jpg 768w\" sizes=\"(max-width: 767px) 89vw, (max-width: 1000px) 54vw, (max-width: 1071px) 543px, 580px\" \/><\/figure><\/li><\/ul><\/figure>\n","protected":false},"excerpt":{"rendered":"<p>Je m\u2019appelle Ester Bellod Cano et je suis professeur de yoga \u00e0 Tain l\u2019Hermitage et Tournon-sur-Rh\u00f4ne. Pour vous raconter un peu mon parcours, je vous invite \u00e0 lire la suite \ud83d\ude09 &#8220;Le yoga est ma passion, ma discipline et ma vocation. Partager avec vous ce qui m\u2019anime me comble de bonheur&#8220; Tout a commenc\u00e9 en &hellip; <\/p>\n<p class=\"link-more\"><a href=\"https:\/\/yogaester.com\/\" class=\"more-link\">Continue reading<span class=\"screen-reader-text\"> &#8220;\u00c0 propos de moi&#8221;<\/span><\/a><\/p>\n","protected":false},"author":1,"featured_media":0,"parent":0,"menu_order":0,"comment_status":"closed","ping_status":"closed","template":"","meta":[],"_links":{"self":[{"href":"https:\/\/yogaester.com\/index.php\/wp-json\/wp\/v2\/pages\/21"}],"collection":[{"href":"https:\/\/yogaester.com\/index.php\/wp-json\/wp\/v2\/pages"}],"about":[{"href":"https:\/\/yogaester.com\/index.php\/wp-json\/wp\/v2\/types\/page"}],"author":[{"embeddable":true,"href":"https:\/\/yogaester.com\/index.php\/wp-json\/wp\/v2\/users\/1"}],"replies":[{"embeddable":true,"href":"https:\/\/yogaester.com\/index.php\/wp-json\/wp\/v2\/comments?post=21"}],"version-history":[{"count":16,"href":"https:\/\/yogaester.com\/index.php\/wp-json\/wp\/v2\/pages\/21\/revisions"}],"predecessor-version":[{"id":745,"href":"https:\/\/yogaester.com\/index.php\/wp-json\/wp\/v2\/pages\/21\/revisions\/745"}],"wp:attachment":[{"href":"https:\/\/yogaester.com\/index.php\/wp-json\/wp\/v2\/media?parent=21"}],"curies":[{"name":"wp","href":"https:\/\/api.w.org\/{rel}","templated":true}]}}